{"id":32,"date":"2026-01-19T13:28:03","date_gmt":"2026-01-19T13:28:03","guid":{"rendered":"https:\/\/lucasceuillet.fr\/?page_id=32"},"modified":"2026-01-19T15:23:01","modified_gmt":"2026-01-19T15:23:01","slug":"contact","status":"publish","type":"page","link":"https:\/\/lucasceuillet.fr\/index.php\/contact\/","title":{"rendered":"Contact"},"content":{"rendered":"","protected":false},"excerpt":{"rendered":"","protected":false},"author":1,"featured_media":0,"parent":0,"menu_order":0,"comment_status":"closed","ping_status":"closed","template":"","meta":{"_acf_changed":false,"inline_featured_image":false,"site-sidebar-layout":"no-sidebar","site-content-layout":"","ast-site-content-layout":"normal-width-container","site-content-style":"default","site-sidebar-style":"default","ast-global-header-display":"","ast-banner-title-visibility":"","ast-main-header-display":"","ast-hfb-above-header-display":"","ast-hfb-below-header-display":"","ast-hfb-mobile-header-display":"","site-post-title":"","ast-breadcrumbs-content":"","ast-featured-img":"","footer-sml-layout":"","ast-disable-related-posts":"","theme-transparent-header-meta":"","adv-header-id-meta":"","stick-header-meta":"","header-above-stick-meta":"","header-main-stick-meta":"","header-below-stick-meta":"","astra-migrate-meta-layouts":"default","ast-page-background-enabled":"default","ast-page-background-meta":{"desktop":{"background-color":"var(--ast-global-color-5)","background-image":"","background-repeat":"repeat","background-position":"center center","background-size":"auto","background-attachment":"scroll","background-type":"","background-media":"","overlay-type":"","overlay-color":"","overlay-opacity":"","overlay-gradient":""},"tablet":{"background-color":"","background-image":"","background-repeat":"repeat","background-position":"center center","background-size":"auto","background-attachment":"scroll","background-type":"","background-media":"","overlay-type":"","overlay-color":"","overlay-opacity":"","overlay-gradient":""},"mobile":{"background-color":"","background-image":"","background-repeat":"repeat","background-position":"center center","background-size":"auto","background-attachment":"scroll","background-type":"","background-media":"","overlay-type":"","overlay-color":"","overlay-opacity":"","overlay-gradient":""}},"ast-content-background-meta":{"desktop":{"background-color":"var(--ast-global-color-4)","background-image":"","background-repeat":"repeat","background-position":"center center","background-size":"auto","background-attachment":"scroll","background-type":"","background-media":"","overlay-type":"","overlay-color":"","overlay-opacity":"","overlay-gradient":""},"tablet":{"background-color":"var(--ast-global-color-4)","background-image":"","background-repeat":"repeat","background-position":"center center","background-size":"auto","background-attachment":"scroll","background-type":"","background-media":"","overlay-type":"","overlay-color":"","overlay-opacity":"","overlay-gradient":""},"mobile":{"background-color":"var(--ast-global-color-4)","background-image":"","background-repeat":"repeat","background-position":"center center","background-size":"auto","background-attachment":"scroll","background-type":"","background-media":"","overlay-type":"","overlay-color":"","overlay-opacity":"","overlay-gradient":""}},"footnotes":""},"class_list":["post-32","page","type-page","status-publish","hentry"],"acf":[],"yoast_head":"<!-- This site is optimized with the Yoast SEO plugin v27.3 - https:\/\/yoast.com\/product\/yoast-seo-wordpress\/ -->\n<title>Contact - Lucas Ceuillet | Freelance concepteur web, Notion et formateur ind\u00e9pendant<\/title>\n<meta name=\"robots\" content=\"noindex, follow, max-snippet:-1, max-image-preview:large, max-video-preview:-1\" \/>\n<meta property=\"og:locale\" content=\"fr_FR\" \/>\n<meta property=\"og:type\" content=\"article\" \/>\n<meta property=\"og:title\" content=\"Contact - Lucas Ceuillet | Freelance concepteur web, Notion et formateur ind\u00e9pendant\" \/>\n<meta property=\"og:url\" content=\"https:\/\/lucasceuillet.fr\/index.php\/contact\/\" \/>\n<meta property=\"og:site_name\" content=\"Lucas Ceuillet | Freelance concepteur web, Notion et formateur ind\u00e9pendant\" \/>\n<meta property=\"article:modified_time\" content=\"2026-01-19T15:23:01+00:00\" \/>\n<meta name=\"twitter:card\" content=\"summary_large_image\" \/>\n<script type=\"application\/ld+json\" class=\"yoast-schema-graph\">{\"@context\":\"https:\\\/\\\/schema.org\",\"@graph\":[{\"@type\":\"WebPage\",\"@id\":\"https:\\\/\\\/lucasceuillet.fr\\\/index.php\\\/contact\\\/\",\"url\":\"https:\\\/\\\/lucasceuillet.fr\\\/index.php\\\/contact\\\/\",\"name\":\"Contact - Lucas Ceuillet | Freelance concepteur web, Notion et formateur ind\u00e9pendant\",\"isPartOf\":{\"@id\":\"https:\\\/\\\/lucasceuillet.fr\\\/#website\"},\"datePublished\":\"2026-01-19T13:28:03+00:00\",\"dateModified\":\"2026-01-19T15:23:01+00:00\",\"breadcrumb\":{\"@id\":\"https:\\\/\\\/lucasceuillet.fr\\\/index.php\\\/contact\\\/#breadcrumb\"},\"inLanguage\":\"fr-FR\",\"potentialAction\":[{\"@type\":\"ReadAction\",\"target\":[\"https:\\\/\\\/lucasceuillet.fr\\\/index.php\\\/contact\\\/\"]}]},{\"@type\":\"BreadcrumbList\",\"@id\":\"https:\\\/\\\/lucasceuillet.fr\\\/index.php\\\/contact\\\/#breadcrumb\",\"itemListElement\":[{\"@type\":\"ListItem\",\"position\":1,\"name\":\"Accueil\",\"item\":\"https:\\\/\\\/lucasceuillet.fr\\\/\"},{\"@type\":\"ListItem\",\"position\":2,\"name\":\"Contact\"}]},{\"@type\":\"WebSite\",\"@id\":\"https:\\\/\\\/lucasceuillet.fr\\\/#website\",\"url\":\"https:\\\/\\\/lucasceuillet.fr\\\/\",\"name\":\"Lucas Ceuillet | Freelance concepteur web, Notion et formateur ind\u00e9pendant\",\"description\":\"Expert en gestion de projets web et en conception d\u2019espaces de travail Notion, j\u2019accompagne depuis plus de 8 ans les entreprises et ind\u00e9pendants du Sud-Ouest dans la structuration, l\u2019automatisation et la digitalisation de leurs activit\u00e9s.      En tant que freelance formateur et consultant certifi\u00e9 (Ambassadeur Notion), je con\u00e7ois des solutions personnalis\u00e9es alliant strat\u00e9gie de communication, outils no-code et m\u00e9thodologie de gestion de projet.      Mon approche s\u2019appuie sur la p\u00e9dagogie, l\u2019efficacit\u00e9 et la simplicit\u00e9 d\u2019utilisation, afin de rendre chaque projet digital clair, fonctionnel et durable.      Bas\u00e9 \u00e0 Hendaye, j\u2019interviens dans tout le Sud-Ouest pour des missions de conseil, de conception de syst\u00e8mes Notion et de formation \u00e0 la gestion de projets web.      Vous souhaitez optimiser votre organisation ou d\u00e9velopper votre pr\u00e9sence en ligne ? Contactez-moi pour \u00e9changer sur vos besoins et d\u00e9finir ensemble une solution adapt\u00e9e.\",\"publisher\":{\"@id\":\"https:\\\/\\\/lucasceuillet.fr\\\/#organization\"},\"potentialAction\":[{\"@type\":\"SearchAction\",\"target\":{\"@type\":\"EntryPoint\",\"urlTemplate\":\"https:\\\/\\\/lucasceuillet.fr\\\/?s={search_term_string}\"},\"query-input\":{\"@type\":\"PropertyValueSpecification\",\"valueRequired\":true,\"valueName\":\"search_term_string\"}}],\"inLanguage\":\"fr-FR\"},{\"@type\":\"Organization\",\"@id\":\"https:\\\/\\\/lucasceuillet.fr\\\/#organization\",\"name\":\"Lucas Ceuillet | Freelance concepteur web, Notion et formateur ind\u00e9pendant\",\"url\":\"https:\\\/\\\/lucasceuillet.fr\\\/\",\"logo\":{\"@type\":\"ImageObject\",\"inLanguage\":\"fr-FR\",\"@id\":\"https:\\\/\\\/lucasceuillet.fr\\\/#\\\/schema\\\/logo\\\/image\\\/\",\"url\":\"https:\\\/\\\/lucasceuillet.fr\\\/wp-content\\\/uploads\\\/2026\\\/01\\\/Logo-Lucas-Ceuillet.png\",\"contentUrl\":\"https:\\\/\\\/lucasceuillet.fr\\\/wp-content\\\/uploads\\\/2026\\\/01\\\/Logo-Lucas-Ceuillet.png\",\"width\":1000,\"height\":941,\"caption\":\"Lucas Ceuillet | Freelance concepteur web, Notion et formateur ind\u00e9pendant\"},\"image\":{\"@id\":\"https:\\\/\\\/lucasceuillet.fr\\\/#\\\/schema\\\/logo\\\/image\\\/\"}}]}<\/script>\n<!-- \/ Yoast SEO plugin. -->","yoast_head_json":{"title":"Contact - Lucas Ceuillet | Freelance concepteur web, Notion et formateur ind\u00e9pendant","robots":{"index":"noindex","follow":"follow","max-snippet":"max-snippet:-1","max-image-preview":"max-image-preview:large","max-video-preview":"max-video-preview:-1"},"og_locale":"fr_FR","og_type":"article","og_title":"Contact - Lucas Ceuillet | Freelance concepteur web, Notion et formateur ind\u00e9pendant","og_url":"https:\/\/lucasceuillet.fr\/index.php\/contact\/","og_site_name":"Lucas Ceuillet | Freelance concepteur web, Notion et formateur ind\u00e9pendant","article_modified_time":"2026-01-19T15:23:01+00:00","twitter_card":"summary_large_image","schema":{"@context":"https:\/\/schema.org","@graph":[{"@type":"WebPage","@id":"https:\/\/lucasceuillet.fr\/index.php\/contact\/","url":"https:\/\/lucasceuillet.fr\/index.php\/contact\/","name":"Contact - Lucas Ceuillet | Freelance concepteur web, Notion et formateur ind\u00e9pendant","isPartOf":{"@id":"https:\/\/lucasceuillet.fr\/#website"},"datePublished":"2026-01-19T13:28:03+00:00","dateModified":"2026-01-19T15:23:01+00:00","breadcrumb":{"@id":"https:\/\/lucasceuillet.fr\/index.php\/contact\/#breadcrumb"},"inLanguage":"fr-FR","potentialAction":[{"@type":"ReadAction","target":["https:\/\/lucasceuillet.fr\/index.php\/contact\/"]}]},{"@type":"BreadcrumbList","@id":"https:\/\/lucasceuillet.fr\/index.php\/contact\/#breadcrumb","itemListElement":[{"@type":"ListItem","position":1,"name":"Accueil","item":"https:\/\/lucasceuillet.fr\/"},{"@type":"ListItem","position":2,"name":"Contact"}]},{"@type":"WebSite","@id":"https:\/\/lucasceuillet.fr\/#website","url":"https:\/\/lucasceuillet.fr\/","name":"Lucas Ceuillet | Freelance concepteur web, Notion et formateur ind\u00e9pendant","description":"Expert en gestion de projets web et en conception d\u2019espaces de travail Notion, j\u2019accompagne depuis plus de 8 ans les entreprises et ind\u00e9pendants du Sud-Ouest dans la structuration, l\u2019automatisation et la digitalisation de leurs activit\u00e9s.      En tant que freelance formateur et consultant certifi\u00e9 (Ambassadeur Notion), je con\u00e7ois des solutions personnalis\u00e9es alliant strat\u00e9gie de communication, outils no-code et m\u00e9thodologie de gestion de projet.      Mon approche s\u2019appuie sur la p\u00e9dagogie, l\u2019efficacit\u00e9 et la simplicit\u00e9 d\u2019utilisation, afin de rendre chaque projet digital clair, fonctionnel et durable.      Bas\u00e9 \u00e0 Hendaye, j\u2019interviens dans tout le Sud-Ouest pour des missions de conseil, de conception de syst\u00e8mes Notion et de formation \u00e0 la gestion de projets web.      Vous souhaitez optimiser votre organisation ou d\u00e9velopper votre pr\u00e9sence en ligne ? Contactez-moi pour \u00e9changer sur vos besoins et d\u00e9finir ensemble une solution adapt\u00e9e.","publisher":{"@id":"https:\/\/lucasceuillet.fr\/#organization"},"potentialAction":[{"@type":"SearchAction","target":{"@type":"EntryPoint","urlTemplate":"https:\/\/lucasceuillet.fr\/?s={search_term_string}"},"query-input":{"@type":"PropertyValueSpecification","valueRequired":true,"valueName":"search_term_string"}}],"inLanguage":"fr-FR"},{"@type":"Organization","@id":"https:\/\/lucasceuillet.fr\/#organization","name":"Lucas Ceuillet | Freelance concepteur web, Notion et formateur ind\u00e9pendant","url":"https:\/\/lucasceuillet.fr\/","logo":{"@type":"ImageObject","inLanguage":"fr-FR","@id":"https:\/\/lucasceuillet.fr\/#\/schema\/logo\/image\/","url":"https:\/\/lucasceuillet.fr\/wp-content\/uploads\/2026\/01\/Logo-Lucas-Ceuillet.png","contentUrl":"https:\/\/lucasceuillet.fr\/wp-content\/uploads\/2026\/01\/Logo-Lucas-Ceuillet.png","width":1000,"height":941,"caption":"Lucas Ceuillet | Freelance concepteur web, Notion et formateur ind\u00e9pendant"},"image":{"@id":"https:\/\/lucasceuillet.fr\/#\/schema\/logo\/image\/"}}]}},"_links":{"self":[{"href":"https:\/\/lucasceuillet.fr\/index.php\/wp-json\/wp\/v2\/pages\/32","targetHints":{"allow":["GET"]}}],"collection":[{"href":"https:\/\/lucasceuillet.fr\/index.php\/wp-json\/wp\/v2\/pages"}],"about":[{"href":"https:\/\/lucasceuillet.fr\/index.php\/wp-json\/wp\/v2\/types\/page"}],"author":[{"embeddable":true,"href":"https:\/\/lucasceuillet.fr\/index.php\/wp-json\/wp\/v2\/users\/1"}],"replies":[{"embeddable":true,"href":"https:\/\/lucasceuillet.fr\/index.php\/wp-json\/wp\/v2\/comments?post=32"}],"version-history":[{"count":3,"href":"https:\/\/lucasceuillet.fr\/index.php\/wp-json\/wp\/v2\/pages\/32\/revisions"}],"predecessor-version":[{"id":71,"href":"https:\/\/lucasceuillet.fr\/index.php\/wp-json\/wp\/v2\/pages\/32\/revisions\/71"}],"wp:attachment":[{"href":"https:\/\/lucasceuillet.fr\/index.php\/wp-json\/wp\/v2\/media?parent=32"}],"curies":[{"name":"wp","href":"https:\/\/api.w.org\/{rel}","templated":true}]}}